{"id":39,"date":"2022-03-01T15:25:12","date_gmt":"2022-03-01T14:25:12","guid":{"rendered":"https:\/\/fotostudiobasel.com\/?page_id=39"},"modified":"2026-02-19T14:39:45","modified_gmt":"2026-02-19T13:39:45","slug":"professionelles-mietstudio-in-basel","status":"publish","type":"page","link":"https:\/\/www.fotostudiobasel.com\/en\/","title":{"rendered":"PHOTO STUDIO BASEL"},"content":{"rendered":"<p><a href=\"https:\/\/www.fotostudiobasel.com\/en\/coworking-buero-basel-mieten\/\" rel=\"noopener\">Rent coworking workspace Basel<\/a><\/p>\n<h2>\n\t\tPHOTO STUDIO BASEL<br \/>\n\t<\/h2>\n<h2>\n\t\tThe professional rental studio in Basel\n\t<\/h2>\n<h2>\n\t\tYou want to rent a professional photo studio in Basel? This location is perfect for photo shoots and smaller video productions as well as video conferences (green screen).\n\t<\/h2>\n\t<p class=\"translation-block\">At a central location in Basel we run a professionally equipped photo studio with several workstations. On 200m<sup>2<\/sup> of space you can carry out both small and larger photo shoots. At the same time it is an inviting location to develop ideas together or to plan a workshop.<\/p>\n<p>&nbsp;<\/p>\n<p><strong>Studio area:<\/strong><\/p>\n<p class=\"translation-block\">200m<sup>2<\/sup> with working area, meeting table, area for hair &amp; make-up and dressing room. Kitchen with coffee maker, refrigerator, hot plate, oven and dishwasher are available upon request. Access to a balcony for small breaks.<\/p>\n<p>&nbsp;<\/p>\n<p><strong>The photo studio offers the following equipment:<\/strong><\/p>\n<ul>\n<li>Lots of daylight, large windows on both sides<\/li>\n<li>Room height 4,40m<\/li>\n<li>Studio column tripod FOBA 2,2m<\/li>\n<li>Cove approx. 5m x 5m, height 4m<\/li>\n<li>Partition walls for painting (corner)<\/li>\n<li>Partially concrete walls, can be used as background<\/li>\n<li>HighSpeed Internet \/ WLAN and electricity included<\/li>\n<li>Access with big elevator, delivery possible in front of the building<\/li>\n<li>Separate bathroom and shower<\/li>\n<li>Flash light, tripods, LED light and other accessories can be rented on request<\/li>\n<\/ul>\n<p>&nbsp;<\/p>\n<p><strong id=\"mietpreise\">Rental prices:<\/strong><\/p>\n<p>Rental of photo\/video studio (excl. equipment)<\/p>\n<ul>\n<li>1\/2 Tag (5 Stunden) CHF 400.-<\/li>\n<li>1 Tag (8 Stunden) CHF 650.-<\/li>\n<li>jede zus\u00e4tzliche Stunde CHF 80.- pro Stunde<\/li>\n<\/ul>\n<p>Contact us by e-mail or phone to book the studio.<\/p>\nReinigungsgeb\u00fchr obligatorisch CHF 80.-<br \/>\nLiability: Damages are fully at the expense of the renter.\n<p>&nbsp;<\/p>\n<p><strong>Looking for a co-tenant in the Photo Studio Basel<\/strong><\/p>\n<p>Are you a photographer\/videographer, designer, creative artist or digital content creator looking for a workspace and, if needed, a professionally furnished studio for sublease\/co-rent in Basel? If interested and possible, we can cooperate for exciting projects. Then contact me.<\/p>\n\t\t\t<img decoding=\"async\" loading='false' src=\"https:\/\/www.fotostudiobasel.com\/wp-content\/uploads\/2022\/08\/Mietstudio-Basel.jpg\" alt=\"\" \/>\t\t\t\n\t\t\t<img decoding=\"async\" loading='false' src=\"https:\/\/www.fotostudiobasel.com\/wp-content\/uploads\/2022\/08\/Studio-fuer-Shooting-Basel.jpg\" alt=\"\" \/>\t\t\t\n\t\t\t<img decoding=\"async\" loading='false' src=\"https:\/\/www.fotostudiobasel.com\/wp-content\/uploads\/2022\/05\/Involt_03.jpg\" alt=\"\" \/>\t\t\t\n\t\t\t<img decoding=\"async\" loading='false' src=\"https:\/\/www.fotostudiobasel.com\/wp-content\/uploads\/2022\/08\/fotostudio-basel_grundriss.jpg\" alt=\"\" \/>\t\t\t\n\t\t\t\t<a href=\"#\" aria-label=\"previous\" role=\"button\">\n<\/a>\n\t\t\t\t<a href=\"#\" aria-label=\"next\" role=\"button\">\n<\/a>\n<h2>\n\t\tKontakt &#038; Anfahrt zum Mietstudio\n\t<\/h2>\n\t<p>Photo Studio Basel<\/p>\n<p>Signalstrasse 27<\/p>\n<p>CH-4058 Basel<\/p>\n<p><a href=\"mailto:info@fotostudiobasel.com\">info@fotostudiobasel.com<\/a><\/p>\n<p><a href=\"tel:+41 61 311 72 72\">+41 61 311 72 72<\/a><\/p>\n<p>&nbsp;<\/p>\n<p>Parking is available 200m away, in the public parking garage of the Coop Supermarket<\/p>\n\t<iframe src=\"https:\/\/www.google.com\/maps\/embed\/v1\/place?q=Signalstrasse+27%0ACH-4058+Basel%0A&#038;key=AIzaSyD09zQ9PNDNNy9TadMuzRV_UsPUoWKntt8\" aria-hidden=\"true\"><\/iframe>\n\t<p><a href=\"https:\/\/www.fotostudiobasel.com\/en\/impressum\/\" rel=\"noopener\">Imprint<\/a> \u00a0 |\u00a0 \u00a0<a href=\"https:\/\/www.fotostudiobasel.com\/en\/datenschutz\/\">Privacy<\/a>\u00a0 \u00a0| \u00a0 <a href=\"https:\/\/involt.ch\/en\/\" target=\"_blank\" rel=\"noopener\">A network partner of involt.ch<\/a> \u00a0 |     Copyright 2022 fotostudiobasel<\/p>","protected":false},"excerpt":{"rendered":"<p>Coworking Arbeitsplatz Basel mieten FOTOSTUDIO BASEL Das professionelle Mietstudio in Basel Du m\u00f6chtest ein professionelles Fotostudio in Basel mieten? Diese Location ist perfekt f\u00fcr Fotoshoots und kleinere Videoproduktionen sowie Videokonferenzen (Green Screen) geeignet. An zentraler Lage in Basel f\u00fchren wir ein professionell ausger\u00fcstetes Fotostudio mit mehreren Arbeitspl\u00e4tzen. Auf 200m2 Fl\u00e4che kannst du sowohl kleine als&hellip;<\/p>","protected":false},"author":1,"featured_media":0,"parent":0,"menu_order":0,"comment_status":"closed","ping_status":"closed","template":"","meta":{"_monsterinsights_skip_tracking":false,"_monsterinsights_sitenote_active":false,"_monsterinsights_sitenote_note":"","_monsterinsights_sitenote_category":0,"footnotes":""},"class_list":["post-39","page","type-page","status-publish","hentry"],"_links":{"self":[{"href":"https:\/\/www.fotostudiobasel.com\/en\/wp-json\/wp\/v2\/pages\/39","targetHints":{"allow":["GET"]}}],"collection":[{"href":"https:\/\/www.fotostudiobasel.com\/en\/wp-json\/wp\/v2\/pages"}],"about":[{"href":"https:\/\/www.fotostudiobasel.com\/en\/wp-json\/wp\/v2\/types\/page"}],"author":[{"embeddable":true,"href":"https:\/\/www.fotostudiobasel.com\/en\/wp-json\/wp\/v2\/users\/1"}],"replies":[{"embeddable":true,"href":"https:\/\/www.fotostudiobasel.com\/en\/wp-json\/wp\/v2\/comments?post=39"}],"version-history":[{"count":147,"href":"https:\/\/www.fotostudiobasel.com\/en\/wp-json\/wp\/v2\/pages\/39\/revisions"}],"predecessor-version":[{"id":459,"href":"https:\/\/www.fotostudiobasel.com\/en\/wp-json\/wp\/v2\/pages\/39\/revisions\/459"}],"wp:attachment":[{"href":"https:\/\/www.fotostudiobasel.com\/en\/wp-json\/wp\/v2\/media?parent=39"}],"curies":[{"name":"wp","href":"https:\/\/api.w.org\/{rel}","templated":true}]}}

<p><a href="https://www.fotostudiobasel.com/en/coworking-buero-basel-mieten/" rel="noopener">Rent coworking workspace Basel</a></p>
<h2>
		PHOTO STUDIO BASEL<br />
	</h2>
<h2>
		The professional rental studio in Basel
	</h2>
<h2>
		You want to rent a professional photo studio in Basel? This location is perfect for photo shoots and smaller video productions as well as video conferences (green screen).
	</h2>
	<p class="translation-block">At a central location in Basel we run a professionally equipped photo studio with several workstations. On 200m<sup>2</sup> of space you can carry out both small and larger photo shoots. At the same time it is an inviting location to develop ideas together or to plan a workshop.</p>
<p>&nbsp;</p>
<p><strong>Studio area:</strong></p>
<p class="translation-block">200m<sup>2</sup> with working area, meeting table, area for hair &amp; make-up and dressing room. Kitchen with coffee maker, refrigerator, hot plate, oven and dishwasher are available upon request. Access to a balcony for small breaks.</p>
<p>&nbsp;</p>
<p><strong>The photo studio offers the following equipment:</strong></p>
<ul>
<li>Lots of daylight, large windows on both sides</li>
<li>Room height 4,40m</li>
<li>Studio column tripod FOBA 2,2m</li>
<li>Cove approx. 5m x 5m, height 4m</li>
<li>Partition walls for painting (corner)</li>
<li>Partially concrete walls, can be used as background</li>
<li>HighSpeed Internet / WLAN and electricity included</li>
<li>Access with big elevator, delivery possible in front of the building</li>
<li>Separate bathroom and shower</li>
<li>Flash light, tripods, LED light and other accessories can be rented on request</li>
</ul>
<p>&nbsp;</p>
<p><strong id="mietpreise">Rental prices:</strong></p>
<p>Rental of photo/video studio (excl. equipment)</p>
<ul>
<li>1/2 Tag (5 Stunden) CHF 400.-</li>
<li>1 Tag (8 Stunden) CHF 650.-</li>
<li>jede zusätzliche Stunde CHF 80.- pro Stunde</li>
</ul>
<p>Contact us by e-mail or phone to book the studio.</p>
Reinigungsgebühr obligatorisch CHF 80.-<br />
Liability: Damages are fully at the expense of the renter.
<p>&nbsp;</p>
<p><strong>Looking for a co-tenant in the Photo Studio Basel</strong></p>
<p>Are you a photographer/videographer, designer, creative artist or digital content creator looking for a workspace and, if needed, a professionally furnished studio for sublease/co-rent in Basel? If interested and possible, we can cooperate for exciting projects. Then contact me.</p>
			<img decoding="async" loading='false' src="https://www.fotostudiobasel.com/wp-content/uploads/2022/08/Mietstudio-Basel.jpg" alt="" />			
			<img decoding="async" loading='false' src="https://www.fotostudiobasel.com/wp-content/uploads/2022/08/Studio-fuer-Shooting-Basel.jpg" alt="" />			
			<img decoding="async" loading='false' src="https://www.fotostudiobasel.com/wp-content/uploads/2022/05/Involt_03.jpg" alt="" />			
			<img decoding="async" loading='false' src="https://www.fotostudiobasel.com/wp-content/uploads/2022/08/fotostudio-basel_grundriss.jpg" alt="" />			
				<a href="#" aria-label="previous" role="button">
</a>
				<a href="#" aria-label="next" role="button">
</a>
<h2>
		Kontakt &#038; Anfahrt zum Mietstudio
	</h2>
	<p>Photo Studio Basel</p>
<p>Signalstrasse 27</p>
<p>CH-4058 Basel</p>
<p><a href="mailto:info@fotostudiobasel.com">info@fotostudiobasel.com</a></p>
<p><a href="tel:+41 61 311 72 72">+41 61 311 72 72</a></p>
<p>&nbsp;</p>
<p>Parking is available 200m away, in the public parking garage of the Coop Supermarket</p>
	<iframe src="https://www.google.com/maps/embed/v1/place?q=Signalstrasse+27%0ACH-4058+Basel%0A&#038;key=AIzaSyD09zQ9PNDNNy9TadMuzRV_UsPUoWKntt8" aria-hidden="true"></iframe>
	<p><a href="https://www.fotostudiobasel.com/en/impressum/" rel="noopener">Imprint</a>   |   <a href="https://www.fotostudiobasel.com/en/datenschutz/">Privacy</a>   |   <a href="https://involt.ch/en/" target="_blank" rel="noopener">A network partner of involt.ch</a>   |     Copyright 2022 fotostudiobasel</p>

<p>Coworking Arbeitsplatz Basel mieten FOTOSTUDIO BASEL Das professionelle Mietstudio in Basel Du möchtest ein professionelles Fotostudio in Basel mieten? Diese Location ist perfekt für Fotoshoots und kleinere Videoproduktionen sowie Videokonferenzen (Green Screen) geeignet. An zentraler Lage in Basel führen wir ein professionell ausgerüstetes Fotostudio mit mehreren Arbeitsplätzen. Auf 200m2 Fläche kannst du sowohl kleine als&hellip;</p>
